2
What is the hundred thousands digit of 95727919?
7
What is the ten thousands digit of 103216257?
1
What is the hundreds digit of 61764001?
0
What is the hundreds digit of 946737842?
8
What is the billions digit of 2942547251?
2
What is the hundred thousands digit of 114117427?
1
What is the millions digit of 119100144?
9
What is the ten thousands digit of 20515298?
1
What is the tens digit of 72689556?
5
What is the millions digit of 956228431?
6
What is the hundred thousands digit of 338484704?
4
What is the hundred thousands digit of 24705632?
7
What is the hundred thousands digit of 440240343?
2
What is the ten thousands digit of 38688539?
8
What is the millions digit of 10318565?
0
What is the tens digit of 1338192095?
9
What is the thousands digit of 1843112697?
2
What is the tens digit of 331143919?
1
What is the millions digit of 62777327?
2
What is the ten thousands digit of 23281720?
8
What is the ten thousands digit of 330277306?
7
What is the units digit of 10751754?
4
What is the billions digit of 1115247459?
1
What is the hundred thousands digit of 983562360?
5
What is the hundreds digit of 64717599?
5
What is the thousands digit of 6429839?
9
What is the ten thousands digit of 31696677?
9
What is the ten thousands digit of 592777613?
7
What is the hundreds digit of 9735073?
0
What is the ten thousands digit of 392147368?
4
What is the hundred millions digit of 382244969?
3
What is the tens digit of 352547181?
8
What is the hundreds digit of 104011039?
0
What is the units digit of 25988880?
0
What is the ten thousands digit of 234263375?
6
What is the hundred millions digit of 4695975526?
6
What is the hundreds digit of 432155963?
9
What is the billions digit of 8983558790?
8
What is the units digit of 317712552?
2
What is the hundred millions digit of 5944824062?
9
What is the millions digit of 723114070?
3
What is the units digit of 232760474?
4
What is the ten millions digit of 1841132887?
4
What is the units digit of 2802713355?
5
What is the tens digit of 169352239?
3
What is the billions digit of 1296759829?
1
What is the ten millions digit of 46038236?
4
What is the thousands digit of 552697293?
7
What is the hundreds digit of 3715608584?
5
What is the ten millions digit of 1884573735?
8
What is the thousands digit of 930153612?
3
What is the hundreds digit of 1813332307?
3
What is the thousands digit of 70095847?
5
What is the ten thousands digit of 228383402?
8
What is the billions digit of 1501752096?
1
What is the ten thousands digit of 1489575752?
7
What is the hundreds digit of 648276637?
6
What is the tens digit of 240984272?
7
What is the hundreds digit of 222023207?
2
What is the tens digit of 500776797?
9
What is the tens digit of 513473680?
8
What is the hundred thousands digit of 3339695560?
6
What is the units digit of 467698120?
0
What is the ten thousands digit of 63139600?
3
What is the hundreds digit of 18165298?
2
What is the hundreds digit of 382777476?
4
What is the hundreds digit of 369671244?
2
What is the hundred thousands digit of 225026062?
0
What is the tens digit of 3567121647?
4
What is the units digit of 229302665?
5
What is the tens digit of 454613432?
3
What is the hundreds digit of 35356117?
1
What is the ten thousands digit of 7897355?
9
What is the thousands digit of 6416955?
6
What is the hundred millions digit of 287293578?
2
What is the thousands digit of 116793840?
3
What is the ten thousands digit of 128410555?
1
What is the billions digit of 9282298615?
9
What is the thousands digit of 43076328?
6
What is the hundred millions digit of 677621256?
6
What is the hundred thousands digit of 45887427?
8
What is the hundred thousands digit of 354435782?
4
What is the ten thousands digit of 127957300?
5
What is the hundreds digit of 38403494?
4
What is the hundred millions digit of 680829510?
6
What is the millions digit of 2850204669?
0
What is the ten thousands digit of 11941169?
4
What is the thousands digit of 382266555?
6
What is the ten thousands digit of 128916478?
1
What is the hundreds digit of 8748090?
0
What is the units digit of 28729543?
3
What is the hundred thousands digit of 170074179?
0
What is the millions digit of 272045215?
2
What is the ten millions digit of 45655930?
4
What is the hundreds digit of 77187032?
0
What is the hundred thousands digit of 264926607?
9
What is the millions digit of 4349862?
4
What is the tens digit of 61622630?
3
What is the ten thousands digit of 113977438?
7
What is the thousands digit of 72470484?
0
What is the ten millions digit of 19306119?
1
What is the units digit of 7623592?
2
What is the thousands digit of 36078814?
8
What is the hundred thousands digit of 1968981272?
9
What is the ten thousands digit of 199805014?
0
What is the hundred thousands digit of 87845098?
8
What is the millions digit of 57634814?
7
What is the units digit of 724670175?
5
What is the hundred thousands digit of 85714543?
7
What is the tens digit of 279208145?
4
What is the millions digit of 2705674780?
5
What is the hundred millions digit of 551693749?
5
What is the units digit of 2079514052?
2
What is the hundreds digit of 219279695?
6
What is the ten thousands digit of 5060864733?
6
What is the hundreds digit of 7166017262?
2
What is the thousands digit of 1432139603?
9
What is the thousands digit of 130073032?
3
What is the hundreds digit of 304656251?
2
What is the ten thousands digit of 1851949996?
4
What is the units digit of 654795089?
9
What is the thousands digit of 147800906?
0
What is the ten thousands digit of 781574987?
7
What is the tens digit of 30859386?
8
What is the hundred millions digit of 377646214?
3
What is the ten thousands digit of 4944301?
4
What is the millions digit of 895657034?
5
What is the hundred thousands digit of 730665117?
6
What is the hundred thousands digit of 3184021778?
0
What is the hundreds digit of 36944233?
2
What is the ten thousands digit of 14350795?
5
What is the thousands digit of 733985073?
5
What is the billions digit of 3010458676?
3
What is the hundred thousands digit of 7409538958?
5
What is the hundreds digit of 175009986?
9
What is the thousands digit of 729972095?
2
What is the tens digit of 54349455?
5
What is the thousands digit of 53553870?
3
What is the ten millions digit of 386863469?
8
What is the hundred millions digit of 1020659464?
0
What is the units digit of 799909410?
0
What is the ten millions digit of 839435477?
3
What is the millions digit of 293765479?
3
What is the hundreds digit of 936350433?
4
What is the ten millions digit of 4785897206?
8
What is the hundred thousands digit of 165607515?
6
What is the hundreds digit of 70942788?
7
What is the hundred thousands digit of 53500808?
5
What is the ten thousands digit of 791433073?
3
What is the hundreds digit of 45928080?
0
What is the hundred thousands digit of 56948971?
9
What is the hundred millions digit of 391540588?
3
What is the hundred thousands digit of 99615914?
6
What is the millions digit of 1010826364?
0
What is the tens digit of 47817050?
5
What is the thousands digit of 111287994?
7
What is the thousands digit of 20534067?
4
What is the hundred millions digit of 812251476?
8
What is the ten millions digit of 259799253?
5
What is the thousands digit of 785698243?
8
What is the tens digit of 43160897?
9
What is the hundred thousands digit of 203206781?
2
What is the hundreds digit of 107062847?
8
What is the hundred thousands digit of 134220877?
2
What is the tens digit of 19075931?
3
What is the hundreds digit of 31569131?
1
What is the ten millions digit of 1442474763?
4
What is the millions digit of 49093782?
9
What is the hundred millions digit of 136012634?
1
What is the ten millions digit of 215882466?
1
What is the units digit of 3238925310?
0
What is the hundred millions digit of 140797926?
1
What is the ten millions digit of 11133008?
1
What is the tens digit of 72416770?
7
What is the thousands digit of 1360160326?
0
What is the units digit of 469660484?
4
What is the hundreds digit of 120808504?
5
What is the units digit of 4361125381?
1
What is the ten thousands digit of 310054586?
5
What is the thousands digit of 185699316?
9
What is the ten thousands digit of 31995911?
9
What is the ten thousands digit of 